{"id":11,"date":"2016-03-03T11:55:23","date_gmt":"2016-03-03T11:55:23","guid":{"rendered":"http:\/\/hochseilgarten-luetjensee.de\/?page_id=11"},"modified":"2025-02-13T09:23:19","modified_gmt":"2025-02-13T09:23:19","slug":"parcours","status":"publish","type":"page","link":"http:\/\/hochseilgarten-luetjensee.de\/?page_id=11","title":{"rendered":"Parcours"},"content":{"rendered":"<h2>Parcours-\u00dcbersicht<\/h2>\n<p>Erleben Sie die 99 Hindernisse von 1,5 m bis 20 m H\u00f6he im Hochseilgarten L\u00fctjensee.<\/p>\n<p>Ab 5 Jahren und einer Mindestgr\u00f6\u00dfe von 1,20 m ist jeder herzlich willkommen im Hochseilgarten L\u00fctjensee.<\/p>\n<p><img loading=\"lazy\" decoding=\"async\" class=\"alignnone size-large wp-image-422\" src=\"http:\/\/hochseilgarten-luetjensee.de\/wp-content\/uploads\/2023\/02\/alle-Parcours-1024x764.jpg\" alt=\"\" width=\"1024\" height=\"764\" srcset=\"http:\/\/hochseilgarten-luetjensee.de\/wp-content\/uploads\/2023\/02\/alle-Parcours-1024x764.jpg 1024w, http:\/\/hochseilgarten-luetjensee.de\/wp-content\/uploads\/2023\/02\/alle-Parcours-300x224.jpg 300w, http:\/\/hochseilgarten-luetjensee.de\/wp-content\/uploads\/2023\/02\/alle-Parcours-768x573.jpg 768w, http:\/\/hochseilgarten-luetjensee.de\/wp-content\/uploads\/2023\/02\/alle-Parcours-1536x1146.jpg 1536w, http:\/\/hochseilgarten-luetjensee.de\/wp-content\/uploads\/2023\/02\/alle-Parcours-2048x1528.jpg 2048w\" sizes=\"auto, (max-width: 1024px) 100vw, 1024px\" \/><\/p>\n","protected":false},"excerpt":{"rendered":"<p>Parcours-\u00dcbersicht Erleben Sie die 99 Hindernisse von 1,5 m bis 20 m H\u00f6he im Hochseilgarten L\u00fctjensee. Ab 5 Jahren und einer Mindestgr\u00f6\u00dfe von 1,20 m ist jeder herzlich willkommen im Hochseilgarten L\u00fctjensee.<\/p>\n","protected":false},"author":1,"featured_media":0,"parent":0,"menu_order":0,"comment_status":"closed","ping_status":"closed","template":"","meta":{"footnotes":""},"class_list":["post-11","page","type-page","status-publish","czr-hentry"],"aioseo_notices":[],"_links":{"self":[{"href":"http:\/\/hochseilgarten-luetjensee.de\/index.php?rest_route=\/wp\/v2\/pages\/11","targetHints":{"allow":["GET"]}}],"collection":[{"href":"http:\/\/hochseilgarten-luetjensee.de\/index.php?rest_route=\/wp\/v2\/pages"}],"about":[{"href":"http:\/\/hochseilgarten-luetjensee.de\/index.php?rest_route=\/wp\/v2\/types\/page"}],"author":[{"embeddable":true,"href":"http:\/\/hochseilgarten-luetjensee.de\/index.php?rest_route=\/wp\/v2\/users\/1"}],"replies":[{"embeddable":true,"href":"http:\/\/hochseilgarten-luetjensee.de\/index.php?rest_route=%2Fwp%2Fv2%2Fcomments&post=11"}],"version-history":[{"count":9,"href":"http:\/\/hochseilgarten-luetjensee.de\/index.php?rest_route=\/wp\/v2\/pages\/11\/revisions"}],"predecessor-version":[{"id":454,"href":"http:\/\/hochseilgarten-luetjensee.de\/index.php?rest_route=\/wp\/v2\/pages\/11\/revisions\/454"}],"wp:attachment":[{"href":"http:\/\/hochseilgarten-luetjensee.de\/index.php?rest_route=%2Fwp%2Fv2%2Fmedia&parent=11"}],"curies":[{"name":"wp","href":"https:\/\/api.w.org\/{rel}","templated":true}]}}