{"id":17,"date":"2016-03-03T11:56:26","date_gmt":"2016-03-03T11:56:26","guid":{"rendered":"http:\/\/hochseilgarten-luetjensee.de\/?page_id=17"},"modified":"2016-03-08T13:36:56","modified_gmt":"2016-03-08T13:36:56","slug":"anfahrt","status":"publish","type":"page","link":"http:\/\/hochseilgarten-luetjensee.de\/?page_id=17","title":{"rendered":"Anfahrt"},"content":{"rendered":"<h2>Anfahrt<\/h2>\n<p><strong>Besonders gute Verkehrsanbindung durch den HVV mit den Linien 364 und 369.<\/strong><\/p>\n<p><strong>Haltestelle L\u00fctjensee Kreuzung. Ca. 5 Minuten Fu\u00dfweg in Richtung Siek durch den Wald.<br \/>\n<\/strong><\/p>\n<p><strong>Hochseilgarten L\u00fctjensee<br \/>\nSieker Landstra\u00dfe (Rastplatz, Parkbucht)<br \/>\n22952 L\u00fctjensee<\/strong><\/p>\n<p><strong>GPS:\u00a0<\/strong>53.64299 &#8211; 10.353627<\/p>\n<p><iframe loading=\"lazy\" style=\"border: 0;\" src=\"https:\/\/www.google.com\/maps\/embed?pb=!1m18!1m12!1m3!1d2365.223064671411!2d10.351443351521263!3d53.64299466005245!2m3!1f0!2f0!3f0!3m2!1i1024!2i768!4f13.1!3m3!1m2!1s0x47b21df0a5574c71%3A0x38602dabe97bc751!2sHochseilgarten+L%C3%BCtjensee!5e0!3m2!1sde!2sde!4v1457010820104\" width=\"600\" height=\"450\" frameborder=\"0\" allowfullscreen=\"allowfullscreen\"><\/iframe><\/p>\n<p>Naturhochseilgarten mit Adventure Parcours der neuen Art, spannende und interessante Hindernisse zwischen lebenden B\u00e4umen. Das neue Abenteuerland mit \u00fcber 99 Hindernissen, \u00fcber 40 davon besonders kinderfreundlich. Ab 1,5 m bis 8 m H\u00f6he k\u00f6nnen Sie sich dem Erlebnis mitten in der Natur stellen.<\/p>\n","protected":false},"excerpt":{"rendered":"<p>Anfahrt Besonders gute Verkehrsanbindung durch den HVV mit den Linien 364 und 369. Haltestelle L\u00fctjensee Kreuzung. Ca. 5 Minuten Fu\u00dfweg in Richtung Siek durch den Wald. Hochseilgarten L\u00fctjensee Sieker Landstra\u00dfe (Rastplatz, Parkbucht) 22952 L\u00fctjensee GPS:\u00a053.64299 &#8211; 10.353627 Naturhochseilgarten mit Adventure Parcours der neuen Art, spannende und interessante Hindernisse zwischen lebenden B\u00e4umen. Das neue Abenteuerland mit [&hellip;]<\/p>\n","protected":false},"author":1,"featured_media":0,"parent":0,"menu_order":0,"comment_status":"closed","ping_status":"closed","template":"","meta":{"footnotes":""},"class_list":["post-17","page","type-page","status-publish","czr-hentry"],"aioseo_notices":[],"_links":{"self":[{"href":"http:\/\/hochseilgarten-luetjensee.de\/index.php?rest_route=\/wp\/v2\/pages\/17","targetHints":{"allow":["GET"]}}],"collection":[{"href":"http:\/\/hochseilgarten-luetjensee.de\/index.php?rest_route=\/wp\/v2\/pages"}],"about":[{"href":"http:\/\/hochseilgarten-luetjensee.de\/index.php?rest_route=\/wp\/v2\/types\/page"}],"author":[{"embeddable":true,"href":"http:\/\/hochseilgarten-luetjensee.de\/index.php?rest_route=\/wp\/v2\/users\/1"}],"replies":[{"embeddable":true,"href":"http:\/\/hochseilgarten-luetjensee.de\/index.php?rest_route=%2Fwp%2Fv2%2Fcomments&post=17"}],"version-history":[{"count":6,"href":"http:\/\/hochseilgarten-luetjensee.de\/index.php?rest_route=\/wp\/v2\/pages\/17\/revisions"}],"predecessor-version":[{"id":111,"href":"http:\/\/hochseilgarten-luetjensee.de\/index.php?rest_route=\/wp\/v2\/pages\/17\/revisions\/111"}],"wp:attachment":[{"href":"http:\/\/hochseilgarten-luetjensee.de\/index.php?rest_route=%2Fwp%2Fv2%2Fmedia&parent=17"}],"curies":[{"name":"wp","href":"https:\/\/api.w.org\/{rel}","templated":true}]}}