{"id":21,"date":"2016-03-03T11:57:20","date_gmt":"2016-03-03T11:57:20","guid":{"rendered":"http:\/\/hochseilgarten-luetjensee.de\/?page_id=21"},"modified":"2026-04-16T15:36:54","modified_gmt":"2026-04-16T15:36:54","slug":"kontakt","status":"publish","type":"page","link":"http:\/\/hochseilgarten-luetjensee.de\/?page_id=21","title":{"rendered":"Kontakt"},"content":{"rendered":"<p>Sollten Sie Fragen haben, z\u00f6gern Sie nicht und rufen Sie uns einfach unter folgenden Telefonnummern an:<\/p>\n<p><strong>0171-4367411<\/strong><\/p>\n<p><strong>Bitte haben Sie Verst\u00e4ndnis daf\u00fcr, dass wir nur uns im Wald auf unsere G\u00e4ste konzentrieren und die E-Mails nicht jeden Tag bearbeiten.<\/strong><\/p>\n<p><strong>Bitte geben Sie immer ihre Telefonnummer mit an.<\/strong><\/p>\n<p><strong>\u00a0<\/strong><\/p>\n<h2>Unsere Hotline ist Montag &#8211; Sonntag in der Zeit von 10-18.30 Uhr besetzt.<br \/>\nBuchungen sind nur per Telefon m\u00f6glich.<\/h2>\n\r\n<!-- START JS for Form ID: 100 -->\r\n<script type=\"text\/javascript\">\r\njQuery(document).ready(function($) {\r\n\r\n    jQuery(\"#preloader-ioqajd\").fadeOut(500, function() {\r\n        jQuery(\"#ecf-form-ioqajd\").fadeIn(100);\r\n    });\r\n\r\n    Ladda.bind('.ladda-button');\r\n\r\n    $(function() {\r\n\r\n        \r\n        \/* Validation *\/\r\n        $(\"#form-ioqajd\").validate({\r\n            \/* Rules for form validation *\/\r\n            rules: {\r\n                name0:{required: true},email1:{required: true,email: true},text2:{required: true},message3:{required: true,minlength: 10},\r\n\r\n                            },\r\n            \/* Messages for form validation *\/\r\n            messages: {\r\n                name0:{required: \"This field is required\"},email1:{required: \"This field is required\"},text2:{required: \"This field is required\"},message3:{required: \"This field is required\"}            },\r\n            \/* Do not change code below *\/\r\n            errorPlacement: function(error, element) {\r\n                error.insertAfter(element.parent());\r\n            },\r\n\r\n            submitHandler: function(form) {\r\n                                ecf_onsubmit(jQuery('.form-ioqajd'));\r\n\r\n                \r\n            },\r\n\r\n            invalidHandler: function(form) {\r\n                Ladda.stopAll();\r\n            },\r\n\r\n            onkeyup: false,\r\n            onfocusout: false,\r\n            onclick: false\r\n\r\n        });\r\n    });\r\n\r\n\r\n    \/* Form Submit ( Ajax ) *\/\r\n    function ecf_onsubmit(form) {\r\n\r\n        if (form.attr('action') == '#') {\r\n\r\n            data = {};\r\n            eldat = [];\r\n            data['action'] = 'ecf_deliver_mail';\r\n            data['formid'] = '100';\r\n            data['security'] = '7221eae137';\r\n\r\n\r\n            \r\n            jQuery('input, textarea', form).each(function(key) {\r\n\r\n                items = {};\r\n\r\n                if (typeof $(this).data('type') === 'undefined') {\r\n                    return true;\r\n                }\r\n\r\n\r\n                \r\n                items['type'] = $(this).data('type');\r\n                items['label'] = $(this).data('label');\r\n                items['value'] = this.value;\r\n                items['name'] = this.name;\r\n\r\n                eldat.push(items);\r\n\r\n            });\r\n\r\n\r\n                        data['allelmnt'] = eldat;\r\n\r\n            submitForm();\r\n\r\n            return false;\r\n\r\n        }\r\n\r\n    }\r\n\r\n    \/* Start submitForm\t *\/\r\n    function submitForm() {\r\n\r\n        jQuery.ajax({\r\n            url: 'http:\/\/hochseilgarten-luetjensee.de\/wp-admin\/admin-ajax.php',\r\n            type: 'POST',\r\n            dataType: 'json',\r\n            data: data,\r\n            success: function(data) {\r\n\r\n                if (data.Ok == true) {\r\n\r\n                    $(\"#form-ioqajd\").get(0).reset();\r\n\r\n                    if (data.msg == 'redirect') {\r\n                        window.location = \"http:\/\/\";\r\n                    } else {\r\n                        notifyme('Your Message Submitted Successfully', 'n', 'success',\r\n                            'left middle');\r\n                    }\r\n\r\n                } else {\r\n                    notifyme(data.msg, 'n', 'error', 'left middle');\r\n                }\r\n\r\n                Ladda.stopAll();\r\n\r\n            }\r\n        });\r\n\r\n        \r\n    }\r\n\r\n\r\n    \/* Notify *\/\r\n    function notifyme(msg, b, typ, pos) {\r\n        if (b == 'n') {\r\n            b = 'cf-submittedioqajd';\r\n        } else {\r\n            b = 'atcioqajd';\r\n        }\r\n\r\n        $(\"#\" + b).gnotify(msg, {\r\n            style: \"nbootstrap\",\r\n            elementPosition: pos,\r\n            className: typ\r\n        });\r\n\r\n        msg = null;\r\n        typ = null;\r\n\r\n    }\r\n\r\n});\r\n<\/script>\r\n<!-- END JS for Form ID: 100 -->\r\n\r\n<!-- START Form Markup for Form ID: 100 -->\r\n<div id=\"preloader-ioqajd\" class=\"ecfpreloader\"><\/div>\r\n<div id=\"ecf-form-ioqajd\" class=\"ecf-body\">\r\n    <form method=\"post\" enctype=\"multipart\/form-data\" action=\"#\" id=\"form-ioqajd\" class=\"ecf-form form-ioqajd\">\r\n        <header>Kontakt<\/header>        <fieldset>\r\n            <section><label class=\"label\">Name<\/label><label class=\"input\"><input data-type=\"name\" data-label=\"Name\" id=\"name0\" type=\"text\" name=\"name0\" \/><\/label><\/section><section><label class=\"label\">Email<\/label><label class=\"input\"><input data-type=\"email\" data-label=\"Email\" id=\"email1\" type=\"text\" name=\"email1\" \/><\/label><\/section><section><label class=\"label\">Subject<\/label><label class=\"input\"><input data-type=\"text\" data-label=\"Subject\" id=\"text2\" type=\"text\" name=\"text2\" \/><\/label><\/section><section><label class=\"label\">Message<\/label><label class=\"textarea\"><textarea data-type=\"message\" data-label=\"Message\" id=\"message3\" name=\"message3\" rows=\"7\"><\/textarea><\/label><\/section>        <\/fieldset>\r\n        <footer>\r\n            <button data-style=\"slide-down\" id=\"cf-submittedioqajd\" class=\"ecfbutton ladda-button\" type=\"submit\" name=\"cf-submittedioqajd\"><span class=\"ladda-label\">SEND<\/span><\/button>\r\n        <\/footer>\r\n    <\/form>\r\n\r\n    \r\n<\/div>\r\n<!-- END Form Markup for Form ID: 100 -->\r\n\r\n\r\n\t\t\t\t\n","protected":false},"excerpt":{"rendered":"<p>Sollten Sie Fragen haben, z\u00f6gern Sie nicht und rufen Sie uns einfach unter folgenden Telefonnummern an: 0171-4367411 Bitte haben Sie Verst\u00e4ndnis daf\u00fcr, dass wir nur uns im Wald auf unsere G\u00e4ste konzentrieren und die E-Mails nicht jeden Tag bearbeiten. Bitte geben Sie immer ihre Telefonnummer mit an. \u00a0 Unsere Hotline ist Montag &#8211; Sonntag in [&hellip;]<\/p>\n","protected":false},"author":1,"featured_media":0,"parent":0,"menu_order":0,"comment_status":"closed","ping_status":"closed","template":"","meta":{"footnotes":""},"class_list":["post-21","page","type-page","status-publish","czr-hentry"],"aioseo_notices":[],"_links":{"self":[{"href":"http:\/\/hochseilgarten-luetjensee.de\/index.php?rest_route=\/wp\/v2\/pages\/21","targetHints":{"allow":["GET"]}}],"collection":[{"href":"http:\/\/hochseilgarten-luetjensee.de\/index.php?rest_route=\/wp\/v2\/pages"}],"about":[{"href":"http:\/\/hochseilgarten-luetjensee.de\/index.php?rest_route=\/wp\/v2\/types\/page"}],"author":[{"embeddable":true,"href":"http:\/\/hochseilgarten-luetjensee.de\/index.php?rest_route=\/wp\/v2\/users\/1"}],"replies":[{"embeddable":true,"href":"http:\/\/hochseilgarten-luetjensee.de\/index.php?rest_route=%2Fwp%2Fv2%2Fcomments&post=21"}],"version-history":[{"count":6,"href":"http:\/\/hochseilgarten-luetjensee.de\/index.php?rest_route=\/wp\/v2\/pages\/21\/revisions"}],"predecessor-version":[{"id":482,"href":"http:\/\/hochseilgarten-luetjensee.de\/index.php?rest_route=\/wp\/v2\/pages\/21\/revisions\/482"}],"wp:attachment":[{"href":"http:\/\/hochseilgarten-luetjensee.de\/index.php?rest_route=%2Fwp%2Fv2%2Fmedia&parent=21"}],"curies":[{"name":"wp","href":"https:\/\/api.w.org\/{rel}","templated":true}]}}