{"id":6,"date":"2016-03-03T11:51:34","date_gmt":"2016-03-03T11:51:34","guid":{"rendered":"http:\/\/hochseilgarten-luetjensee.de\/?page_id=6"},"modified":"2026-04-27T10:52:40","modified_gmt":"2026-04-27T10:52:40","slug":"home","status":"publish","type":"page","link":"https:\/\/hochseilgarten-luetjensee.de\/","title":{"rendered":"Home"},"content":{"rendered":"<h1>Willkommen beim Hochseilgarten L\u00fctjensee \u00f6stlich von Hamburg<\/h1>\n<h4><span style=\"color: #ff0000;\"><em>Klettern und Erleben mit unserem neuen sicheren CLiC-iT System<\/em><\/span><\/h4>\n<h3><em><strong>Liebe G\u00e4ste,<br \/>ab dem 18. April 2026 sind wir wieder da.<br \/><\/strong><\/em><\/h3>\n<p>Sch\u00f6n, dass Sie unsere Seite besuchen. Auf den folgenden Seiten m\u00f6chten wir Ihnen einen ersten \u00dcberblick von unserem Hochseilgarten L\u00fctjensee geben. Sollten Sie Fragen haben, z\u00f6gern Sie nicht und rufen Sie uns einfach unter folgenden Telefonnummern an:<\/p>\n<h2>Hotline: 0171-43 67 411<br \/>Buchungen sind nur \u00fcber die Hotline m\u00f6glich.<\/h2>\n<h2>Unsere Hotline ist Mo.-So. von 10-18.30 Uhr besetzt.<\/h2>\n<blockquote>\n<h3><span style=\"color: #ff0000;\"><strong>Wir haben im April &amp;\u00a0 Oktober jeden Samstags und Sonntags f\u00fcr Sie ge\u00f6ffnet. <br \/>Nat\u00fcrlich \u00f6ffnen wir auch au\u00dferhalb dieser Zeit f\u00fcr Sie ab einer Buchungssummer von 300.- \u20ac. <br \/>Au\u00dferdem haben wir an allen Feiertagen ( Hamburg\/Schleswig-Holstein) ebenfalls ge\u00f6ffnet.<\/strong><\/span><\/h3>\n<\/blockquote>\n<p>Der Naturhochseilgarten L\u00fctjensee bei Hamburg mit seinen Adventure Parcours der neuen Art freut sich auf Ihren Besuch.<\/p>\n<p>Das neue Abenteuerland liegt mitten in einem sch\u00f6nen Wald. Neben dem intensiven Erleben kommt das Naturerlebnis nicht zu kurz.<br \/>Hier k\u00f6nnen Gruppen oder Einzelpersonen ihre pers\u00f6nlichen Grenzen kennen lernen, \u00fcberwinden oder sogar neu definieren. Die H\u00f6he und die Schwierigkeit, die Hindernisse zu \u00fcberwinden, stellt die Teilnehmer vor eine Herausforderung und gibt ihnen ein gewisses Erfolgserlebnis. Klettern Sie sich durch die 99 Hindernisse in den H\u00f6hen von 1,5 m bis 20 m. 50 Hindernisse sind f\u00fcr Kinder ab 5 Jahre und entsprechender K\u00f6rpergr\u00f6\u00dfe ab 1,2m geeignet.<\/p>\n<h2>Preisliste 2026 f\u00fcr den Hochseilgarten L\u00fctjensee<\/h2>\n<p>Alle Preisangaben inkl. der g\u00fcltigen Mehrwertsteuer von derzeit 19%.<\/p>\n<h2>Einzelbesucher Tageskarte<\/h2>\n<p>Erwachsene ab 18 Jahren 25.- \u20ac<br \/>Kinder und Jugendliche von 6 bis 17 Jahren 20.- \u20ac<br \/>Einsteiger Parcours 15.- \u20ac<\/p>\n<h2>Familien Tageskarten<\/h2>\n<p><strong>2 Erwachsen und 2 Kinder ab 6 Jahre bis 17 Jahre 80.- \u20ac <\/strong><br \/>Sie sparen 10.- \u20ac<\/p>\n<p><strong>2 Erwachsen und 1 Kind ab 6 Jahre bis 17 Jahre 65.- \u20ac <\/strong><br \/>Sie sparen 5.- \u20ac<\/p>\n<p><strong>1 Erwachsener und 2 Kinder ab 6 Jahre bis 17 Jahre 60.- \u20ac<\/strong><br \/>Sie sparen 5.- \u20ac<\/p>\n<p><strong><em>Die Familien Karten sind nicht kombinierbar mit anderen Aktionen des Hochseilgarten L\u00fctjensee. Die Familienkarten gelten nur f\u00fcr die Eltern und deren eigenen Kinder.<\/em><\/strong><\/p>\n<h2>Gruppen Tageskarte<\/h2>\n<p>ab 10 Erwachsene ab 18 Jahre, pro Person 23.- \u20ac<br \/>ab 10 Kinder und Jugendliche von 6 bis 17 Jahre, pro Person 18.- \u20ac<\/p>\n<p>Bei Gruppenbuchungen ab 5 Personen bitten wir um eine Voranmeldung ! Sie k\u00f6nnen Mo.-Son. in der Zeit von 10-18.30 eine individuelle Buchung vornehmen. Setzen Sie sich daf\u00fcr bitte mit uns in Verbindung. Buchungen sind nur \u00fcber die Hotline m\u00f6glich. Sie erreichen uns unter: 0171-4367411<\/p>\n<h2>Schulklassen Tageskarte<\/h2>\n<p>pro Sch\u00fcler bis 17 Jahre 18.- \u20ac (1 Begleitung frei pro 10 Sch\u00fcler)<\/p>\n<h2>Teamtraining<\/h2>\n<p>Inklusive Ausr\u00fcstung und Erfrischungsgetr\u00e4nke.<br \/><strong>Preis: ab 100 \u20ac \/ Teilnehmer<\/strong><br \/>Wir passen\u00a0 das Erlebnis auf Ihre W\u00fcnsche an.<\/p>\n<h3><span style=\"color: #ff0000;\"><em><strong>Wir k\u00f6nnen leider nur eine Barzahlung akzeptieren, da wir vor Ort keinen Strom f\u00fcr andere Zahlungsm\u00f6glichkeiten zur Verf\u00fcgung haben.<\/strong><\/em><\/span><\/h3>\n<h2>\u00d6ffnungszeiten 2026 ab dem 18.04.2026 f\u00fcr Einzelbesucher:<\/h2>\n<h2 data-path-to-node=\"8\">Wann wir f\u00fcr euch \u00f6ffnen<\/h2>\n<p data-path-to-node=\"9\"><b data-path-to-node=\"9\" data-index-in-node=\"0\">Regul\u00e4re \u00d6ffnungszeiten (April bis Oktober)<\/b><\/p>\n<blockquote data-path-to-node=\"10\">\n<p data-path-to-node=\"10,0\"><b data-path-to-node=\"10,0\" data-index-in-node=\"0\">April &amp; Oktober:<\/b> Samstag &amp; Sonntag | 10:00 \u2013 18:30 Uhr<\/p>\n<p data-path-to-node=\"10,1\"><b data-path-to-node=\"10,1\" data-index-in-node=\"0\">Mai bis September:<\/b> Freitag 14:00 &#8211; 18.30, Samstag &amp; Sonntag | 10:00 \u2013 18:30 Uhr<br \/><em>Letzter Einlass: 17.00 Uhr.<br \/><strong>1. Mai 2026 10:00 &#8211; 18.30 Uhr<\/strong><\/em><\/p>\n<\/blockquote>\n<hr data-path-to-node=\"11\" \/>\n<blockquote>\n<p data-path-to-node=\"12\"><b data-path-to-node=\"12\" data-index-in-node=\"0\">&#x2600;&#xfe0f; Sommerferien in SH &amp; Hamburg:<\/b> <i data-path-to-node=\"12\" data-index-in-node=\"32\">Dienstag, 07. Juli bis Sonntag, 16. August 2026<\/i><\/p>\n<ul data-path-to-node=\"13\">\n<li>\n<p data-path-to-node=\"13,0,0\"><b data-path-to-node=\"13,0,0\" data-index-in-node=\"0\">Dienstag \u2013 Sonntag:<\/b> 10:00 \u2013 18:30 Uhr<\/p>\n<\/li>\n<li>\n<p data-path-to-node=\"13,1,0\"><b data-path-to-node=\"13,1,0\" data-index-in-node=\"0\">Montag:<\/b> Ruhetag (au\u00dfer an Feiertagen)<br \/><em>Letzter Einlass: 17.00 Uhr.<\/em><\/p>\n<\/li>\n<\/ul>\n<\/blockquote>\n<p><strong>Montag bis Donnerstag auf Anfrage (ab einer Summe von 300.- \u20ac \u00f6ffnen wir auch exklusiv f\u00fcr sie)<br \/><\/strong><strong>An allen Feiertagen in Schleswig-Holstein und Hamburg ist ge\u00f6ffnet, auch wenn es ein Montag sein sollte.<\/strong><br \/><em>Letzter Einlass: 17.00 Uhr.<\/em><\/p>\n<p><strong>Wichtig vor der Teilnahme im Hochseilgarten: Bitte beachten Sie auf jeden Fall die AGB&#8217;s f\u00fcr den Hochseilgarten L\u00fctjensee.<\/strong><\/p>\n<p><a href=\"http:\/\/hochseilgarten-luetjensee.de\/wp-content\/uploads\/2026\/03\/AGBs-2026.pdf\" target=\"_blank\" rel=\"noopener\">AGBs L\u00fctjensee<\/a><\/p>\n\n\n<p><\/p>\n","protected":false},"excerpt":{"rendered":"<p>Willkommen beim Hochseilgarten L\u00fctjensee \u00f6stlich von Hamburg Klettern und Erleben mit unserem neuen sicheren CLiC-iT System Liebe G\u00e4ste,ab dem 18. April 2026 sind wir wieder da. Sch\u00f6n, dass Sie unsere Seite besuchen. Auf den folgenden Seiten m\u00f6chten wir Ihnen einen ersten \u00dcberblick von unserem Hochseilgarten L\u00fctjensee geben. Sollten Sie Fragen haben, z\u00f6gern Sie nicht und [&hellip;]<\/p>\n","protected":false},"author":1,"featured_media":0,"parent":0,"menu_order":0,"comment_status":"closed","ping_status":"closed","template":"","meta":{"footnotes":""},"class_list":["post-6","page","type-page","status-publish","czr-hentry"],"aioseo_notices":[],"_links":{"self":[{"href":"https:\/\/hochseilgarten-luetjensee.de\/index.php?rest_route=\/wp\/v2\/pages\/6","targetHints":{"allow":["GET"]}}],"collection":[{"href":"https:\/\/hochseilgarten-luetjensee.de\/index.php?rest_route=\/wp\/v2\/pages"}],"about":[{"href":"https:\/\/hochseilgarten-luetjensee.de\/index.php?rest_route=\/wp\/v2\/types\/page"}],"author":[{"embeddable":true,"href":"https:\/\/hochseilgarten-luetjensee.de\/index.php?rest_route=\/wp\/v2\/users\/1"}],"replies":[{"embeddable":true,"href":"https:\/\/hochseilgarten-luetjensee.de\/index.php?rest_route=%2Fwp%2Fv2%2Fcomments&post=6"}],"version-history":[{"count":108,"href":"https:\/\/hochseilgarten-luetjensee.de\/index.php?rest_route=\/wp\/v2\/pages\/6\/revisions"}],"predecessor-version":[{"id":484,"href":"https:\/\/hochseilgarten-luetjensee.de\/index.php?rest_route=\/wp\/v2\/pages\/6\/revisions\/484"}],"wp:attachment":[{"href":"https:\/\/hochseilgarten-luetjensee.de\/index.php?rest_route=%2Fwp%2Fv2%2Fmedia&parent=6"}],"curies":[{"name":"wp","href":"https:\/\/api.w.org\/{rel}","templated":true}]}}